20 + 672865 = -20*u - 53*u. List the prime factors of u.
3, 5, 1129
Let p = 181 + -261. Suppose -4*k + 310 = -282. Let v = p + k. What are the prime factors of v?
2, 17
List the prime factors of -7 + (6 + -4 - -29229) - (-1 + -5).
2, 5, 37, 79
Let n = -625 + 630. Suppose 2*t - 6*g + 4*g = 850, n*t + 5*g - 2115 = 0. List the prime factors of t.
2, 53
Suppose -3*k = 15, -3*w - 3*k = -35 - 46. Let g(d) = -d**3 + 36*d**2 - 111*d - 1. List the prime factors of g(w).
3, 181
Let u = -587 + 1362. Let r = u + -181. List the prime factors of r.
2, 3, 11
Suppose -399*p + 297*p + 2745942 = 0. List the prime factors of p.
26921
Suppose 4*a + 6*d - 173728 = 0, -84947 = -5*a - 5*d + 132213. List the prime factors of a.
2, 61, 89
Let n(d) = -44 + 18 + d + 12 + 17. Let r be n(20). Suppose r = -3*b + 293. List the prime factors of b.
2, 3, 5
Suppose -2*j - 444 = -4*y, 4*y + y - j = 558. Let h = 60 + y. What are the prime factors of h?
2, 43
Let y(v) = -275*v - 313. Let l(t) = t**3 - 7*t**2 - 15*t + 121. Let w be l(6). List the prime factors of y(w).
2, 3, 59
Let m be (-16)/(-6) + 2/6. Let d(o) = -3*o**2 - o + 6. Let s be d(3). List the prime factors of m/8 - 1623/s.
2, 17
Suppose 2*m + 70 = -2*q + 6*q, m + 53 = 3*q. Suppose t = 7*t - q. Suppose 9*x - 1056 = -t*x. List the prime factors of x.
2, 11
Let f(l) = 10*l**3 - 3*l**2 - l. Let v be f(2). What are the prime factors of v*((-39)/(-18) + 2/(-4))?
2, 5, 11
List the prime factors of (6 - -2) + 25789/68*8.
2, 3, 13
Let n = 6396 - 3738. List the prime factors of n.
2, 3, 443
Let z(a) = -1829*a - 1081. List the prime factors of z(-12).
7, 11, 271
Suppose 5*j = -21 + 6, 4*j + 4 = -g. Let w = 543 - 151. Suppose -5*z + w = -h, 4*h = g*h - 12. List the prime factors of z.
79
Suppose 3272*c + 4250 = 3274*c. List the prime factors of c.
5, 17
Suppose 21*t = 22*t - 6. Let n(a) = -t*a**2 - 6*a - 3 - 68*a**3 + 141*a**3 - a - 74*a**3. What are the prime factors of n(-6)?
3, 13
Suppose -6*s + s = -3*g + 235, 4*s - 5*g + 201 = 0. Let z = s + 41. What are the prime factors of (z/(-2) - -2)*38?
7, 19
Suppose 159929 - 18721 = 13*j + 561. List the prime factors of j.
31, 349
Let k(u) = u**3 - u**2 - u + 105. Let i be k(0). Let m = -148 + i. Let q = 59 + m. What are the prime factors of q?
2
Suppose 0 = 208*v - 203*v + 2*o - 58993, -v - o + 11801 = 0. What are the prime factors of v?
47, 251
Suppose 77*h - 78*h = -4630. List the prime factors of h.
2, 5, 463
Let z be 1/((-16)/(-76)) - (-1)/4. Let p(w) = -5 - 32 - z*w + 18. List the prime factors of p(-20).
3
Suppose -2 = -15*x + 13*x. Let q be (-193)/x - 45/(-15). What are the prime factors of (-12)/(-3) - q - 1?
193
Suppose -4*a + 4*i + 1297 = 53, -a + 5*i + 295 = 0. Let q be -4 - 3 - (4 + (5 - 0))*-15. Let r = a - q. List the prime factors of r.
11, 17
Suppose -3*h + 0*q = -2*q - 1577, 4*q = 4*h - 2108. Let l = -312 + h. Let d = 295 - l. List the prime factors of d.
2, 3, 7
Suppose 0 = -2*r - 3*x - 48, -4*r + x - 64 = -x. Let a be 9/r*1*-2. What are the prime factors of a + (-4)/6 + 1540/15?
103
What are the prime factors of (-56 + 55)/(1*(-2)/51164)?
2, 12791
Suppose -187*d + 171*d + 168976 = 0. List the prime factors of d.
59, 179
Let r be (-2)/8 + 255/60. What are the prime factors of 361/19*(r - -28)?
2, 19
Let o(m) = 37*m**3 + 7*m - 4*m - 1 - 7*m**3. What are the prime factors of o(2)?
5, 7
Let n be 10/35 + 66/14 + 1. Let r(v) = 51*v - 18. List the prime factors of r(n).
2, 3
Let x be 1/2*(-26 + 0). Let h(a) = -a**3 + 11*a**2 - 32*a + 26. Let v be h(7). List the prime factors of 3 + v + x + 76.
2
Let n(d) = -d**3 + 54*d**2 + 58*d - 94. What are the prime factors of n(50)?
2, 19, 337
Suppose 5343 = -41*q + 54*q. Let k = q - -316. List the prime factors of k.
727
Suppose -2 = 7*t + 19. List the prime factors of (3223/11)/(3*(-1)/t).
293
Let l = -7 + -163. List the prime factors of 4/8*-20*l/4.
5, 17
Let m(y) = 20*y - 1305*y**2 - 14 + 655*y**2 + 651*y**2. List the prime factors of m(-32).
2, 5, 37
Let h = -36 - -37. Let g be (h + 39/(-15))*-20. List the prime factors of (1 - (-5 + 4))*g.
2
Let p(v) = -4071*v - 1398. List the prime factors of p(-3).
3, 5, 7, 103
Suppose 3*r = 5*b - 58, -30*b = -26*b + 4*r - 40. Suppose 4*i = b*i - 1876. List the prime factors of i.
2, 67
Suppose t - 4*v = -3*t + 24, -v = 5. Let b be ((-4)/(-32)*76)/(t/10). Let a = b + -10. What are the prime factors of a?
5, 17
Let s(r) = 14*r**3 + 5*r**2 + 3*r + 20. Let g(p) = 57*p**3 + 21*p**2 + 12*p + 82. Let c(u) = 2*g(u) - 9*s(u). What are the prime factors of c(-3)?
2, 5, 29
Let r = -47849 + 74656. What are the prime factors of r?
11, 2437
Let f be 11 + -2 + (-24)/6. Suppose -2*p + 1305 = f*x - 4*x, 0 = -5*x + 25. List the prime factors of p.
2, 5, 13
Suppose -244*t - 306564 + 2761522 - 393646 = 0. List the prime factors of t.
2, 3, 11
Suppose 0 = 5*j - 3*y - 40, 12*j + 15 = 13*j - 2*y. Suppose 2*l - 3*l - 4*x + 26 = 0, l = -j*x + 29. Let w(i) = i + 3. List the prime factors of w(l).
17
Suppose 0 = -11*p - 8*p + 38. Suppose 0 = 5*v - 3*z - 3712, -p*v + 1247 = 5*z - 213. List the prime factors of v.
2, 5, 37
Suppose -121119 = 46*z + 9*z - 411904. What are the prime factors of z?
17, 311
Suppose 0 = -23*t - 17*t - 49600. Let z = -415 - t. List the prime factors of z.
3, 5, 11
Let j be (-28)/10 - (-13)/(-65). Let q be (j - 3)*(-2)/4. Suppose -4*n = 4*y - 12, 0 = -4*y - q*n + 19 - 2. What are the prime factors of y?
2
Let k = 2031 + -1173. Suppose 2558 + k = 4*l. What are the prime factors of l?
2, 7, 61
Suppose -18*y + 57856 = -20840. List the prime factors of y.
2, 1093
Let g = -38 + 38. Suppose 2*k = -0*m - 3*m + 812, g = 2*k + m - 808. List the prime factors of k.
13, 31
List the prime factors of ((-18264)/(-20))/((-16)/(-120)).
3, 761
Let y be 0/((2 - 4)*1/(-2)). Suppose -4*r + 4*i = -y*i - 4000, 2*r - 2015 = -i. What are the prime factors of r?
3, 5, 67
Let s = -202 + 204. What are the prime factors of 346 - (-6 - (-12)/s)?
2, 173
Let n(r) = -10*r - 83. Let y(j) = -7*j - 55. Let b(s) = 5*n(s) - 8*y(s). Let k be b(0). Suppose -5*u + k = -50. List the prime factors of u.
3, 5
Let m = 31298 - 19695. List the prime factors of m.
41, 283
Suppose -5*l - 9 - 2 = -4*x, 0 = x + 4*l - 8. Suppose 5*j = 1 + 34. Suppose w = -5*g + 52, x*g = -j*w + 2*w + 218. What are the prime factors of w?
2, 3, 7
Suppose 39*o + 10582 - 454423 = 352305. What are the prime factors of o?
2, 59, 173
Suppose -a = -3*p + 2*a + 6765, -5*p = 3*a - 11299. Suppose -p = -5*b - 3*s, -b + 144 + 330 = -5*s. What are the prime factors of b?
2, 227
Suppose 3*h = u + 4112, 3*h - 2*h + 3*u = 1384. Let d be ((-14)/(-4))/(14/h). Suppose -2*b = -11*f + 10*f - 237, f = -3*b + d. What are the prime factors of b?
2, 29
Let m(k) = 5*k**3 + 7*k**2 + 46*k - 182. What are the prime factors of m(8)?
2, 1597
List the prime factors of (-10468 - 0)*(-27)/(-42)*(-119)/102.
3, 2617
Suppose -9*f = 126 + 153. Let m = f - -338. List the prime factors of m.
307
Suppose -4*u + 1296 = o, -3*o + 5*o + 5*u = 2601. What are the prime factors of (o/(-16))/((-12)/32)?
2, 109
Suppose -10*w + 34 = -6. Suppose 0*u + 5*j - 584 = -2*u, -j = -w*u + 1212. What are the prime factors of u?
2, 151
Suppose 3*p = 4*b - 1, -4*p + 8 = 4. List the prime factors of b/7*904 + (-1)/7.
3, 43
Let q = 21642 - 12632. List the prime factors of q.
2, 5, 17, 53
Suppose -4*s + 2343 = 24*c - 23*c, 3 = 3*s. What are the prime factors of c?
2339
Let u(h) = h**3 + 11*h**2 - 15*h - 5. Let s be u(-12). Suppose 21*a = s*a - 3060. List the prime factors of a.
2, 3, 17
Suppose 0 = -p + 5*v - 24, 2*v = 4*p - 4 + 28. Let t be -20*16/(800/30). What are the prime factors of t/(-28) - p/((-112)/(-3516))?
2, 3, 7
Let m(i) = -33*i - 2. Suppose -8*r + 0*r - 7*r = 0. Suppose r*w = 10*w + 40. List the prime factors of m(w).
2, 5, 13
Let i be (-1)/(-2)*(-438)/(-6)*52. Suppose -i = 6*t - 8*t. What are the prime factors of t?
13, 73
Let w(x) be the third derivative of x**6/120 - 7*x**5/60 + 2*x**4/3 - 35*x**3/6 + 4*x**2 + x. What are the prime factors of w(8)?
157
Let y(g) = -g**3 - 22*g**2 + 20*g - 21. Let s(o) = -2*o**3 - 43*o**2 + 38*o - 43. Let l(c) = -3*s(c) + 5*y(c). List the prime factors of l(-16).
2, 127
Let u be (489 - -16)*(-1 + 8/5). Suppose -80*n = -79*n - u. List the prime factors of n.
3, 101
Suppose 